 - 14352?
-14350
In base 14, what is 15 - -5?
1a
In base 7, what is -3 - -242?
236
In base 4, what is 1 - 2113?
-2112
In base 8, what is 276 + -41?
235
In base 5, what is 1120 + 10?
1130
In base 2, what is 10100 - -101?
11001
In base 6, what is -2 + -145?
-151
In base 7, what is -604 + -5?
-612
In base 11, what is 57 + -2?
55
In base 6, what is 125 + -11?
114
In base 4, what is 11 - -13221?
13232
In base 10, what is 6 + 175?
181
In base 6, what is 33 - 124?
-51
In base 13, what is 2 + 499?
49b
In base 14, what is c0 + 7?
c7
In base 15, what is 81 + -8?
78
In base 4, what is 223 - -1201?
2030
In base 14, what is 3 - 39?
-36
In base 12, what is -1 + -16b4?
-16b5
In base 15, what is -2 - -24?
22
In base 16, what is 1cb + -3?
1c8
In base 3, what is -11 - -110?
22
In base 13, what is -13 - 50?
-63
In base 5, what is -102 - -2?
-100
In base 7, what is 5 + -556?
-551
In base 6, what is -221 - -132?
-45
In base 15, what is 58 + -4b?
c
In base 3, what is -2 + 2101210?
2101201
In base 14, what is 254 + -5?
24d
In base 6, what is -13011 - 0?
-13011
In base 2, what is 110100111010001 - -100?
110100111010101
In base 9, what is 24 - -1?
25
In base 2, what is -100 - 100000100?
-100001000
In base 2, what is -111111 - 10011?
-1010010
In base 15, what is -627 - 6?
-62d
In base 2, what is -101 + -1111100?
-10000001
In base 4, what is -110 + -1120?
-1230
In base 12, what is -15 - 1a9?
-202
In base 10, what is 20 + 610?
630
In base 11, what is -16 - 9aa?
-a15
In base 10, what is -6008 + -3?
-6011
In base 12, what is 3 - 1596?
-1593
In base 3, what is -211 + 12?
-122
In base 13, what is 5 - -838?
840
In base 8, what is -5 - -21537?
21532
In base 7, what is 31 + 1114?
1145
In base 6, what is 20 + -4?
12
In base 13, what is b - -c?
1a
In base 7, what is 44550 - 2?
44545
In base 2, what is 0 - 0?
0
In base 13, what is -120 + -7?
-127
In base 13, what is -1 - 950?
-951
In base 11, what is -1 + 75?
74
In base 13, what is 21 + -15?
9
In base 11, what is -2 + -a?
-11
In base 2, what is 0 + 101100?
101100
In base 10, what is 1279 - 4?
1275
In base 5, what is 1321 + -11?
1310
In base 2, what is 111000 - -10101?
1001101
In base 15, what is -1 - aa?
-ab
In base 13, what is -40a - -4?
-406
In base 14, what is -10 - 5c1?
-5d1
In base 16, what is -276c + 4?
-2768
In base 11, what is 218 + 1?
219
In base 9, what is -261 - -2?
-258
In base 15, what is 3 - 24?
-21
In base 6, what is -11444 + -35?
-11523
In base 7, what is 325 - 5?
320
In base 3, what is -112201 - 2?
-112210
In base 13, what is -10 - -39?
29
In base 6, what is 120 + -2?
114
In base 16, what is -e + 24e?
240
In base 10, what is -2 - 751?
-753
In base 7, what is 20 + 643?
663
In base 12, what is 1850 - -2?
1852
In base 9, what is -44 - -1?
-43
In base 15, what is a - -6?
11
In base 8, what is 22 + -22?
0
In base 13, what is -454 + -3?
-457
In base 13, what is 2b + -55?
-27
In base 2, what is -10011001 - -100010?
-1110111
In base 14, what is 106 - 7?
dd
In base 8, what is -5 + -30?
-35
In base 7, what is -2141 - -2?
-2136
In base 9, what is -11 - -6?
-4
In base 10, what is 103 + 5?
108
In base 13, what is -4 + 67?
63
In base 5, what is 10 - 13?
-3
In base 14, what is -9 + -19?
-24
In base 15, what is -a - -e5?
da
In base 10, what is 2 + -2488?
-2486
In base 9, what is -15 + -6?
-22
In base 7, what is 630 + 41?
1001
In base 3, what is 20 + -2200220?
-2200200
In base 5, what is -1144 - 1?
-1200
In base 7, what is -3 + 3314?
3311
In base 15, what is 4 + -114?
-110
In base 10, what is 2 - 20?
-18
In base 8, what is -3 + -50?
-53
In base 5, what is 1 - -1?
2
In base 14, what is -24 - 2?
-26
In base 14, what is 1 - 12?
-11
In base 6, what is 1342 - 0?
1342
In base 12, what is 2350 - -3?
2353
In base 13, what is 4206 + 3?
4209
In base 14, what is -dc - 5?
-103
In base 7, what is 13414 - -3?
13420
In base 7, what is 64 - -40?
134
In base 9, what is -2 - 54?
-56
In base 5, what is 0 + 243?
243
In base 7, what is -10 + 511?
501
In base 16, what is -365 - -2?
-363
In base 8, what is 74 - -31?
125
In base 12, what is a4 - b?
95
In base 4, what is -10 - 310?
-320
In base 4, what is 32 + -113?
-21
In base 3, what is 11000 + 1020?
12020
In base 16, what is 2c - 2?
2a
In base 3, what is 1 + -20?
-12
In base 11, what is 2 - 1649?
-1647
In base 9, what is 75 - -4?
80
In base 3, what is 101002202 - -1?
101002210
In base 11, what is 2723 - 3?
2720
In base 4, what is 11 - 133130?
-133113
In base 10, what is 215 - 15?
200
In base 15, what is -2 - -1e?
1c
In base 12, what is -b2 + -3?
-b5
In base 2, what is -101 - 10010111010?
-10010111111
In base 12, what is -4 + -106?
-10a
In base 15, what is 3 + -66e?
-66b
In base 14, what is -259 - 3?
-25c
In base 14, what is -3 - -41?
3c
In base 4, what is -10 + -120?
-130
In base 13, what is -16 - -27?
11
In base 11, what is 10 + -4?
7
In base 15, what is 5 + 18?
1d
In base 16, what is -17ca + -1?
-17cb
In base 14, what is 3 - 11?
-c
In base 3, what is -20 + -20?
-110
In base 7, what is 1 + -1040?
-1036
In base 2, what is -101110 - 100?
-110010
In base 7, what is -3 + -306?
-312
In base 6, what is 1230 - -3?
1233
In base 7, what is -424 + -6?
-433
In base 3, what is 10 - -10012?
10022
In base 6, what is -3112 - 0?
-3112
In base 9, what is 6 + 28?
35
In base 5, what is 12 + 42?
104
In base 7, what is 116 + 6?
125
In base 4, what is 223 + -110?
113
In base 4, what is 1 + 3?
10
In base 15, what is 3 + -1ca?
-1c7
In base 9, what is 14 + 13?
27
In base 14, what is -d7 + -45?
-13c
In base 16, what is ae - -b?
b9
In base 16, what is -1 + -13e?
-13f
In base 6, what is 0 - 432?
-432
In base 13, what is 3 + 169?
16c
In base 13, what is 375 - 2?
373
In base 16, what is 3 + -28?
-25
In base 13, what is -6 - -6b?
65
In base 5, what is 22 - -1021?
1043
In base 9, what is -2 + -84?
-86
In base 10, what is 1518 - -4?
1522
In base 11, what is 75 - 6?
6a
In base 9, what is 3 - 811?
-807
In base 13, what is -4 + -6b?
-72
In base 15, what is 116 + 2?
118
In base 15, what is 18 + -47?
-2e
In base 4, what is -21 + -231?
-312
In base 4, what is 23 - 1113?
-1030
In base 5, what is 1 - 110000?
-104444
In base 10, what is 2 - 288?
-286
In base 7, what is 4 + -103?
-66
In base 5, what is 2 - 313?
-311
In base 16, what is 11 - -20?
31
In base 5, what is -3 - 101?
-104
In base 6, what is -110 - 15?
-125
In base 6, what is 2 - 1023?
-1021
In base 9, what is 0 + 157?
157
In base 8, what is -2 + 136?
134
In base 11, what is 6 + -1295?
-128a
In base 3, what is -110 - -121?
11
In base 3, what is 1022 + 21?
1120
In base 11, what is -2 + -68?
-6a
In base 8, what is -21 - -215?
174
In base 9, what is -35 + -7?
-43
In base 7, what is 1 - -420?
421
In base 11, what is -78 + 64?
-14
In base 11, what is -2 - -29?
27
In base 16, what is -45f - 0?
-45f
In base 12, what is -55a + 0?
-55a
In base 6, what is -5 + 32224?
32215
In base 16, what is 26 + 4?
2a
In base 12, what is 22a + -11?
219
In base 3, what is 12 + -20211?
-20122
In base 12, what is -10 + -1?
-11
In base 7, what is 2 - 126?
-124
In base 3, what is 222002 + -221?
221011
In base 11, what is -23113 - 1?
-23114
In base 11, what is 293 - -2?
295
In base 16, what is -ad - 7?
-b4
In base 13, what is 482 - 4?
47b
In base 15, what is 4 + -49?
-45
In base 15, what is 20 - -e?
2e
In base 14, what is -5a9 + -1?
-5aa
In base 6, what is -2435 + -1?
-2440
In base 15, what is -18 - -5?
-13
In base 12, what is -5 - 38?
-41
In base 9, what is 5763 - 0?
5763
In base 7, what is -2540 + -2?
-2542
In base 6, what is -1 + 3040?
3035
In base 13, what is 2 - -387?
389
In base 14, what is 4d - 5?
48
In base 11, what is 9 + 28?
36
In base 16, what is 0 + -5e?
-5e
In base 13, what is -122b + 4?
-1227
In base 7, what is -4 - -1522?
1515
In base 11, what is 32 + 38a?
411
In base 6, what is -2 + 143?
141
In base 11, what is 11 - -8?
19
In base 5, what is 1224 + -3?
1221
In base 3, what is -11 + 10?
-1
In base 12, what is 60 - 3?
59
In base 5, what is 210134 - -4?
210143
In base 16, what is -121 + 3?
-11e
In base 8, what is 53 - -53?
126
In base 2, what is 1000 + -10111001000?
-10111000000
In base 6, what is -415 - 3?
-422
In base 14, what is 43 - -23?
66
In base 16, what is -42 + 2?
-40
In base 4, what is 20 - -20303?
20323
In base 7, what is 112 - 0?
112
In base 11, what is -107 - -50?
-67
In base 2, what 